, 4*a = p + 396. What is the remainder when a is divided by 17?
14
Let n(i) = 2*i + 3. Let u be n(2). Suppose d + 12 = u*d. Suppose 0 = d*r - 24 - 22. Calculate the remainder when r is divided by 6.
5
Suppose 2*x = 4*r + 264, r = -3*x + 5*r + 402. Calculate the remainder when x is divided by 3.
0
Let l(y) = 23*y + 10. Let f = -107 + 235. Calculate the remainder when f is divided by l(0).
8
Let x = -1546 + 1615. Calculate the remainder when x is divided by 16.
5
Let q(o) = 29*o**2 - 9*o - 6. Let s be q(-4). Calculate the remainder when s/10 + -1 - (-9)/15 is divided by 18.
13
Let v = 8867 - 8808. Let l = 18 - 5. Calculate the remainder when v is divided by l.
7
Let g(p) = 34*p - 343. What is the remainder when g(19) is divided by 101?
0
Suppose -10*y + 2*y + 136 = 0. Let r = 110 + -61. What is the remainder when r is divided by y?
15
Suppose 11*z - 32 = 7*z. Let y(m) = 10*m + 22. Calculate the remainder when y(z) is divided by 35.
32
Let t be 14/21 - (-194)/6. Suppose 2*g - g - t = 0. What is the remainder when 131 is divided by g?
32
Let q = 19 + -15. Suppose 9*p - 186 = 4*p - d, 4*p = -q*d + 136. Suppose 0*n + p = 2*n. Calculate the remainder when 35 is divided by n.
16
Suppose 729*j - 727*j = 34. Suppose 0*b + b = 31. What is the remainder when b is divided by j?
14
Suppose 0 = -3*t + 84 + 99. Calculate the remainder when t is divided by 8.
5
Suppose 8*g = -2*g. Suppose -6*s + 106 + 188 = g. Calculate the remainder when s is divided by 26.
23
Let a(u) = -2*u - 6. Let b be a(-5). Suppose -b*c + 103 = -1. Suppose -24*w + 234 = 2*w. Calculate the remainder when c is divided by w.
8
Let k = 217 + -154. Calculate the remainder when 188 is divided by k.
62
Let s(o) = 37*o**2 + o. Let z = 9 + 11. Calculate the remainder when s(-1) is divided by z.
16
Let q(t) = t**2 + 5*t - 9. Let k be q(-9). Suppose 4 = w + 2*c, 3*w - k - 5 = -2*c. What is the remainder when 81 is divided by w?
11
Suppose -2*v - h = -146, -2*h - 127 = -4*v + 165. Calculate the remainder when v is divided by 22.
7
Calculate the remainder when 529 is divided by 47/(-188)*(-2 + 4 + -430).
101
Calculate the remainder when 135 is divided by (6/(-5))/(6*7/(-210)).
3
Suppose 0 = 14*m - 24*m + 28960. Calculate the remainder when m is divided by 9.
7
Let q(u) = -u + 15. Let d be q(7). Let g = d - 3. Suppose g*p = p - 4, 4*l - 4*p - 112 = 0. Calculate the remainder when l is divided by 15.
12
Let w = 1819 + -1782. Calculate the remainder when 127 is divided by w.
16
Let r = 2114 - 1799. What is the remainder when r is divided by 40?
35
Let v(q) = -95*q + 35. Let w(l) = -8*l + 3. Let r(g) = -2*v(g) + 25*w(g). Calculate the remainder when r(-1) is divided by 7.
1
Let z = 61 + -29. What is the remainder when z is divided by 5?
2
Suppose -6*g + 673 = 511. Calculate the remainder when 47 is divided by g.
20
Let r(d) = -d**3 + 18*d**2 + 10*d - 82. Calculate the remainder when r(18) is divided by 52.
46
Suppose 164 = 9*q - 232. What is the remainder when 129 is divided by q?
41
Let v = 147 + -259. Let k = v - -57. Let o = k + 77. What is the remainder when 64 is divided by o?
20
Let w = -8 - -14. Let g(p) = p - 12. Let x be g(w). What is the remainder when 40 is divided by -2*9/x*7?
19
Let b(l) = -7*l + 298. What is the remainder when 1294 is divided by b(31)?
79
Suppose -4*d = -d - 42. Let b = d - 3. What is the remainder when 31 is divided by b?
9
Let w = -24 - -27. What is the remainder when 3 is divided by w*3/(-27)*-9?
0
Suppose t + 4*i = 2, -t + 3*i = -2*t + 4. Suppose -t = 4*a - 286. What is the remainder when a is divided by 5?
4
Suppose -3*u - 13 = -31. Let m(l) = 19*l + 23. Calculate the remainder when m(u) is divided by 23.
22
Suppose -7*p + 11*p - 68 = 3*q, -5*p + 5*q = -80. Calculate the remainder when 27 is divided by p.
7
Suppose 4*b + b = 155. Let d = b + -22. Let c = 3 + d. Calculate the remainder when 35 is divided by c.
11
Let m be (2/6)/((-6)/(-108)). Suppose 3*b = 12, -c + 0*b + 5*b = m. Calculate the remainder when 40 is divided by c.
12
Let c(b) = b**2 + 15*b + 74. Let u = 30 - 14. What is the remainder when c(-14) is divided by u?
12
Suppose 3*n + 5*t + 25 = 0, -3*t - 5 - 10 = 0. Calculate the remainder when -16 + 85 - (n - -1) is divided by 7.
5
Let j = -9 + 24. Suppose -3*x - 3*z + 87 = -x, 3*z = -j. Calculate the remainder when x is divided by 13.
12
Suppose -2*o + 2*p = -5*o + 11, -4*p + 19 = 5*o. What is the remainder when ((-20)/(-3))/(2/3) is divided by o?
1
What is the remainder when (-2)/14 - (2520300/(-140))/15 is divided by 43?
39
Let f(d) = 12*d**3. Let v be f(1). Calculate the remainder when 77/2 - (-3)/6 is divided by -2 + 1 + v - 1.
9
Let s = 81 + -11. Let p(z) = -2*z - 2. Let k be p(-2). Suppose 36 = -k*l + 4*l. What is the remainder when s is divided by l?
16
Suppose -l + 86 = 5*d - 49, 2*l - 4*d - 256 = 0. Suppose 2*m + 19 = a + 4*m, -5*a - 3*m + l = 0. Calculate the remainder when 171 is divided by a.
26
Let a(i) be the second derivative of i**4/4 - 8*i**3/3 + 5*i**2/2 + 14*i. What is the remainder when 65 is divided by a(6)?
14
Suppose 29*v - 24*v + 3*l = 129, 58 = 2*v - 2*l. What is the remainder when 456 is divided by v?
24
Let c(j) = j**3 - 2*j - 2. Let z be c(2). Suppose -5*p = 0, -z*q + 3*p = 2*q - 20. What is the remainder when 12 is divided by 2/((20/8)/q)?
0
Let p = -14655 + 14681. Suppose -2*q + 47 = -35. What is the remainder when q is divided by p?
15
Suppose 5*k - 2 = m - 3*m, -k + 5 = 5*m. Suppose -9*f - 2 + 11 = 0. What is the remainder when m is divided by f?
0
Let u = -985 + 1047. Calculate the remainder when 100 is divided by u.
38
Let s be (2 - 1 - 0) + 2. Let b(c) = -c + 3 - c + s*c. Calculate the remainder when b(6) is divided by 3.
0
Let z(d) = -d**3 + 14*d**2 - 11*d - 5. Let c(t) = t + 27. Let s be c(-14). Suppose 0*w = w - s. Calculate the remainder when 39 is divided by z(w).
18
Let g be (1/2*3)/(5/(-340)). Let p = 23 - g. Calculate the remainder when p is divided by 21.
20
Suppose 0 = 4*z + q - 23 - 327, -2*z + 5*q + 186 = 0. Calculate the remainder when z is divided by 38.
12
Suppose 30 = -483*h + 486*h. What is the remainder when 569 is divided by h?
9
Suppose -2*h + 43 - 11 = 0. Let b(m) = -11*m + 1. Let k be b(9). Let o = k - -161. What is the remainder when o is divided by h?
15
Let o(n) = 115*n**2 - 78*n + 1. Calculate the remainder when o(3) is divided by 13.
9
Let s(f) = -13*f + 21. Calculate the remainder when 985 is divided by s(0).
19
Suppose -5*b + 3*c + 38 = 0, 0*c - 3*c + 12 = 0. Suppose -168 = 8*t - b*t. Calculate the remainder when t is divided by 22.
18
Let q(x) = x**3 - 3*x**2 + 2*x. Let k be q(1). Suppose k = -4*a + 35 + 33. Calculate the remainder when 30 is divided by a.
13
Let i = -40 + 40. Suppose i = -8*k + 11*k - 21. Calculate the remainder when 25 is divided by k.
4
Calculate the remainder when 178 is divided by 994/49*(-105)/(-30).
36
Let i = -8 + 15. Let n be (-360)/(-35) + (-2)/i. Suppose -m + 0*m + n = 0. What is the remainder when 25 is divided by m?
5
Suppose 0 = -2*d - c + 5, 2 = -5*d - c + 13. Calculate the remainder when (71/(-3))/((-2)/6) is divided by ((-2)/(12/d))/(4/(-300)).
21
Suppose -2*x + 74 = 4*j, -5*j + 4*x + 59 + 1 = 0. Let b be 7*(-13)/(-1) + 2. Let i = b + -46. What is the remainder when i is divided by j?
15
Let g(i) = 63*i - 1. Let d = 266 + -245. Calculate the remainder when g(1) is divided by d.
20
Let a(l) = -2*l**3 - 4*l**3 - 3*l**2 - 6*l - 3*l**2 + 5*l**3 - 1. Let x be a(-4). Let g = -2 - x. Calculate the remainder when 13 is divided by g.
6
Let w(f) = -73*f - 77. What is the remainder when 145 is divided by w(-3)?
3
Let x(p) = -p - 3. Let g(o) = o**3 - 7*o**2 + 6*o - 5. Let l be g(6). Calculate the remainder when 20*l/50*-8 is divided by x(-8).
1
What is the remainder when 99 is divided by 635/25 - (-4)/(-10)?
24
Suppose -4 = 4*b - 4*x - 136, -b + 4*x = -39. Suppose 3*n - 3*u - 26 = b, 4*n + 2*u = 64. Calculate the remainder when 63 is divided by n.
12
Suppose k = 4*n - 192, 3*n + 5*k - 74 - 47 = 0. Let o = 608 + -592. Calculate the remainder when n is divided by o.
15
Suppose 10*z = 148 + 892. What is the remainder when z is divided by 36?
32
Let n = -61 - -57. Let f(s) = s**2 + 3. What is the remainder when 92 is divided by f(n)?
16
Suppose 11*f + 120 = 4*b + 7*f, 5*b